 + 36929. What is k(480)?
-31
Let v(o) = -22*o**2 - 443*o - 1694. Determine v(-15).
1
Let x(t) = 5762*t - 772945. Calculate x(134).
-837
Let u(w) = 2318*w + 30111. Determine u(-13).
-23
Let j(k) = 198*k + 35258. What is j(-178)?
14
Let g(y) = y**2 - 8120*y - 32486. What is g(-4)?
10
Let q(m) = 10*m**2 + 480*m + 5644. Calculate q(-28).
44
Let k(u) = -u**3 + 395*u**2 - 12928*u + 100. Calculate k(36).
-44
Let c(d) = -935647*d - 2806962. Give c(-3).
-21
Let q(p) = -8*p**2 - 507*p - 2873. What is q(-6)?
-119
Let p(g) = -3090*g - 426436. What is p(-138)?
-16
Let r(i) = -24*i**2 + 1034*i + 8554. What is r(-8)?
-1254
Let m(n) = 15*n**2 - 2*n + 6. Give m(2).
62
Let y(l) = -3*l**3 + 2*l**2 + 40*l - 310. Calculate y(6).
-646
Let a(w) = 4*w**3 + 24*w**2 - 531*w - 3141. Determine a(-6).
45
Let f(n) = 35715*n**2 - 357153*n + 38. What is f(10)?
8
Let l(p) = 2*p**3 + 10938*p**2 - 32757*p - 230. Determine l(3).
-5
Let m(f) = f**3 - 95*f**2 + 609*f - 6668. Determine m(89).
7
Let n(k) = -481959*k - 24579894. Give n(-51).
15
Let b(z) = -440*z + 8790. Calculate b(30).
-4410
Let t(j) = 4*j**2 - 329*j - 1069. Calculate t(0).
-1069
Let i(l) = 1067*l**2 - 499357*l + 445. Give i(468).
-23
Let t(p) = 13*p**2 - 1671*p - 547. Give t(129).
227
Let o(x) = -430*x - 31945. Give o(-74).
-125
Let w(y) = 96*y**2 + 20618*y - 4702. Determine w(-215).
28
Let j(g) = -2*g**2 + 1011*g - 127621. Give j(244).
-9
Let s(q) = -1485*q - 22304. Determine s(-15).
-29
Let m(l) = -108988*l + 544963. Give m(5).
23
Let g(d) = -1970*d**2 + 53185*d + 144. Give g(27).
9
Let t(b) = -114129*b - 6847746. Determine t(-60).
-6
Let n(t) = -t**2 - 189*t - 1803. Calculate n(-9).
-183
Let d(x) = -x**3 + 13*x**2 + 40*x - 377. What is d(-7)?
323
Let r(u) = u**2 + 5838*u + 318101. Give r(-55).
36
Let o(m) = 534*m**3 - 10147*m**2 - 16*m - 19. What is o(19)?
-684
Let g(z) = -2*z**2 + 5*z + 5401. What is g(-51)?
-56
Let h(j) = 2*j**2 - 594*j - 268752. Give h(544).
-16
Let o(r) = 3*r**2 + 498*r + 3369. Calculate o(-158).
-423
Let u(v) = -v**2 + 1276*v - 322947. Calculate u(348).
-3
Let z(y) = 2*y**3 + 43*y**2 - 69171*y - 1453033. What is z(-21)?
-1
Let y(q) = -4*q**2 + 6977*q + 6982735. Calculate y(-711).
4
Let p(m) = 74*m**2 - 238*m + 5. What is p(5)?
665
Let q(t) = -3*t**2 + 971*t - 28514. Determine q(291).
4
Let d(q) = -q**2 + 110*q + 2107. Determine d(-15).
232
Let v(l) = -l**2 - 1477*l - 73330. Determine v(-51).
-604
Let p(v) = -v**3 - 836*v**2 + 30470*v + 526. Calculate p(35).
1
Let g(o) = -52298*o - 103555. What is g(-2)?
1041
Let o(r) = -r**3 + 115*r**2 + 726*r - 14. What is o(121)?
-14
Let g(y) = y**2 - y - 4551. Calculate g(73).
705
Let w(r) = 1200*r - 218198. Determine w(181).
-998
Let o(v) = -4*v**2 - 40715*v - 325643. Give o(-8).
-179
Let l(m) = -757339*m + 43. What is l(0)?
43
Let q(t) = 3*t**2 - 59*t - 299. Calculate q(23).
-69
Let d(b) = -252*b - 8318. Calculate d(-34).
250
Let v(o) = 2*o**3 - 269*o**2 - 11652*o - 1514. Determine v(169).
7
Let c(r) = 7*r**2 - 741*r + 19409. What is c(58)?
-21
Let x(m) = 196*m**2 + 584*m. Determine x(-3).
12
Let w(l) = -484*l + 2606. Determine w(6).
-298
Let p(k) = -2167*k + 151703. Give p(70).
13
Let u(y) = -y**2 + 2607*y - 132737. Calculate u(52).
123
Let x(o) = 13354*o + 148560. What is x(-11)?
1666
Let m(o) = -o**2 + 173603*o - 19257622. What is m(111)?
-10
Let p(l) = l**3 - 325*l**2 + 2845*l + 657. What is p(316)?
973
Let g(r) = r**3 - 15*r**2 - 9*r - 50. What is g(16)?
62
Let x(u) = -u**3 + 18*u**2 + 275*u - 24. What is x(-17)?
5416
Let a(g) = 4*g**2 - 4723*g + 982966. Calculate a(911).
-3
Let m(p) = -4*p**3 + 18*p**2 - 2834*p + 14126. Determine m(5).
-94
Let x(q) = -q**3 - 22*q**2 + 2184*q + 40604. Calculate x(-18).
-4
Let w(m) = 2*m**3 - 114*m**2 + 730*m - 5988. Give w(51).
30
Let s(z) = 2*z**3 - 1884*z**2 + 1768*z + 107272. Give s(941).
-2
Let q(b) = 5*b**3 - 8*b**2 - 140*b + 1287. What is q(7)?
1630
Let o(z) = z**3 - 50*z**2 + 137*z - 1956. Calculate o(48).
12
Let q(r) = r**2 - 4903*r - 162917. Determine q(-33).
-29
Let a(d) = -5*d**2 - 244*d - 1202. What is a(-5)?
-107
Let i(q) = 49*q**2 + 8742*q - 5191. Give i(-179).
0
Let g(x) = -8*x**2 - 27*x - 189. Calculate g(14).
-2135
Let n(h) = -h**3 - 89*h**2 - 1463*h - 2373. Determine n(-68).
7
Let q(o) = -6098*o + 268316. Calculate q(44).
4
Let c(m) = -m**2 + 1432*m + 2874. Determine c(-2).
6
Let p(y) = -2*y**3 + 66*y**2 + 29463*y + 702. What is p(139)?
7
Let j(k) = -581*k + 2802. Calculate j(5).
-103
Let h(r) = r**2 + 4143*r + 455398. What is h(-113)?
8
Let u(j) = -33046*j + 198263. Determine u(6).
-13
Let u(z) = 13*z**2 + 473*z - 3962. Calculate u(7).
-14
Let t(q) = 6*q**2 - 262*q - 3352. Determine t(54).
-4
Let z(u) = -43*u**2 + 4470*u + 277. Give z(104).
69
Let p(k) = -33*k**2 + 690*k + 3782. Calculate p(-5).
-493
Let r(z) = -z**3 - 6*z**2 - 6*z - 365. What is r(0)?
-365
Let s(c) = 18*c**2 + 3676*c + 585. Give s(-204).
-231
Let b(t) = 387*t - 21438. Calculate b(56).
234
Let a(j) = 3876*j**2 + 120155*j - 1. Determine a(-31).
30
Let w(u) = -u**2 + 608*u - 71684. Calculate w(160).
-4
Let h(s) = -s**3 - 19*s**2 - 75*s - 1843. Give h(-18).
-817
Let h(o) = 2*o**3 - 146*o**2 - 3674*o - 3387. Give h(-19).
-5
Let w(i) = -i**3 + 14*i**2 + 9318*i + 215223. Calculate w(-26).
-5
Let v(x) = 4512*x + 31583. Give v(-7).
-1
Let g(c) = -1400*c + 95241. Give g(68).
41
Let w(q) = 4*q**3 - 72*q**2 + 138*q + 38. Calculate w(16).
198
Let h(t) = 2*t**3 + 910*t**2 + 2748*t + 133. What is h(-3)?
25
Let o(l) = 18*l**3 - 9*l**2 + 4*l + 32. Determine o(2).
148
Let o(u) = 5*u**2 + 26*u + 143. What is o(-15)?
878
Let o(x) = 5*x**3 - x**2 + 12*x + 47. What is o(5)?
707
Let t(i) = -2*i**2 + 80*i + 565. What is t(47)?
-93
Let f(m) = -1820*m**3 - m**2 + 92*m - 91. What is f(1)?
-1820
Let w(x) = -9*x**2 + 846*x + 10461. What is w(105)?
66
Let u(w) = 2*w**2 + 284*w - 62876. Determine u(-262).
4
Let p(w) = -w**3 + 11*w**2 - 166*w + 1080. Calculate p(8).
-56
Let f(z) = -51*z**2 + 5811*z + 332. Calculate f(114).
-10
Let k(i) = -i**3 + 8*i**2 - 80*i - 235. Calculate k(0).
-235
Let g(l) = -59*l**3 + 16*l**2 - 11*l - 25. Give g(-3).
1745
Let r(g) = g**3 + 40*g**2 + 370*g - 425. Determine r(-17).
-68
Let z(h) = h**3 - 186*h**2 - 8*h + 1244. What is z(186)?
-244
Let i(o) = -2*o**3 - 46*o**2 + 315*o - 151. What is i(-28)?
-1131
Let g(b) = -44880*b + 628274. Determine g(14).
-46
Let u(i) = 8*i**2 - 104*i + 124. Calculate u(11).
-52
Let w(h) = h**3 - 567*h**2 - h + 391. Determine w(0).
391
Let x(u) = 2*u**2 - 63*u - 956. Calculate x(45).
259
Let i(b) = -91*b**3 + 5733*b**2 + 3*b - 120. Determine i(63).
69
Let u(n) = n**3 - 6*n**2 - 10*n + 33. Determine u(6).
-27
Let w(m) = 211*m**2 - 743*m - 17. Give w(4).
387
Let w(t) = -1172*t**2 - 72*t - 2. Determine w(-1).
-1102
Let k(p) = -557*p + 5012. Give k(9).
-1
Let w(z) = -z**3 - 163*z**2 - 1075*z + 2653. Give w(-156).
1
Let n(s) = -30*s**2 - 7*s - 9. Determine n(0).
-9
Let h(k) = -85*k - 5200. Determine h(-59).
-185
Let j(r) = -r**3 - 3*r**2 + 169*r + 293. Give j(13).
-214
Let x(f) = 4*f**3 - 992*f**2 + 1011*f - 5695. What is x(247)?
-14
Let t(r) = 16*r**3 + 272*r**2 - 529*r + 1539. Determine t(-19).
38
Let h(c) = 103375*c - 310196. What is h(3)?
-71
Let n(i) = -94*i**2 - 202*i + 54. Determine n(-3).
-186
Let d(s) = s**3 - 8*s**2 - 289*s + 114. Determine d(-14).
-152
Let b(t) = 108*t**2 - 16*t + 28. Give b(-1).
152
Let c(r) = -995*r + 83319. What is c(84)?
-261
Let u(s) = s**2 + 486*s + 694. Give u(0).
694
Let x(j) = 2*j**2 - 67*j - 3162. Determine x(-33).
1227
Let a(k) = 268031*k + 1072179. Give a(-4).
55
Let m(w) = -4*w**2 + 18*w - 239. Calculate m(0).
-239
Let m(v) = v**3 - 15*v**2 - 2381*v - 3489. What is m(-41)?
-4
Let o(w) = 2*w**3 - 134*w**2 + 1964*w - 99. Calculate o(46).
1373
Let n(b) = 10026*b + 16583003. Calculate n(-1654).
-1
Let g(p) = -p**3 + 8*p**2 + 2867*p + 15. Give g(58).
-1899
Let t(a) = -4*a**2 + 1349*a - 39071. Determine t(32).
1
Let z(u) = 9*u**3 - 573*u**2 + 1118*u - 8. Determine z(2).
8
Let v(x) = -592*x - 5014. Give v(-8).
-278
Let l(g) = -46414*g - 22278724. Determine l(-480).
-4
Let h(o) = o**3 + 357*o**2 - 2576*o - 667062. Give h(-359).
-40
Let o(a) = -2*a**3 - 54*a**2 + 6*a - 272. Calculate o(-27).
-434
Let h(s) = 195*s**2 + 781*s + 8. Calculate h(-4).
4
Let c(i) = -6*i**2 - 1